?
2
Let m(s) = -6*s + 5. Let f be m(-5). What is the remainder when 13 - (-2 + (-5*3)/(-3)) is divided by (-6)/33 - f/(-11)?
1
Suppose y - 78 = 4*m - 8*m, y - 3*m = 113. Suppose -2*l + 6 = -y. Calculate the remainder when l is divided by 18.
16
Let x = 34 - 31. Let f be x + 0 + 0/(-3). What is the remainder when 18 is divided by (1/3)/(f/63)?
4
Let i = -21 - -4. Let u = 13 + i. Calculate the remainder when 71 is divided by ((-12)/(-9))/(u/(-54)).
17
Let t(l) = -l**2 - 12*l + 32. Let y be t(-14). Suppose 0 = 4*f - 8*f + x + 79, 104 = 5*f + y*x. What is the remainder when f is divided by 6?
2
Suppose 9*p = 378 - 90. Let f(z) = -z**3 - z**2 + z + 7. What is the remainder when p is divided by f(0)?
4
Let o(z) = -z**3 - 16*z**2 + 18*z + 19. Let u be o(-17). Let q = 9 + -6. What is the remainder when q is divided by u - 2/(3 - 1)?
0
Suppose 106*p = 149*p - 387. Let b be 2/6 + 4/(-3). Calculate the remainder when (-25)/(1/b) + 0 is divided by p.
7
Suppose -b = -5*s + 6, 0 = 2*s + 5*b + 1 + 2. Let z(y) = 81*y + 3. What is the remainder when z(s) is divided by 17?
16
Let w = 3 + 2. Suppose -w*a + 34 = -3*a. What is the remainder when a is divided by 3?
2
Suppose 44 = 9*p - 19. What is the remainder when 60 is divided by p?
4
Let a be (-6 - (-2 - 2)) + 6. Suppose -5*k + a*k = 22. What is the remainder when 1/2 - 473/k is divided by 6?
4
Suppose -4*q + 227 = 3*p, 2*p - 141 = -2*q - 25. Calculate the remainder when 211 is divided by q.
52
Suppose -4*t + 7*t - 40 = 2*u, -15 = -2*t - u. Calculate the remainder when t is divided by 4.
2
Let r(u) = 4*u + 10. Let z be r(-5). What is the remainder when (-2 - 5/10)*104/z is divided by 9?
8
Let l(w) = w**2 - 10*w + 15. Let r be l(10). Suppose 3*u - u + r = -d, 3*u - 4*d = -17. What is the remainder when 34 is divided by (1 - 0)*(u - -12)?
4
Suppose t - 7 - 2 = -2*s, 0 = 2*s - 2. Let n = -323 + 338. What is the remainder when n is divided by t?
1
Let q = 27 + -14. Let u = 47 - -4. What is the remainder when u is divided by q?
12
Suppose 0*m + 4964 = 73*m. What is the remainder when 200 is divided by m?
64
Let g = 16 + -25. Let b(s) = -s**2 - 11*s - 11. Calculate the remainder when 10 is divided by b(g).
3
Suppose 43*o = 47*o - 504. What is the remainder when o is divided by 26?
22
Suppose 235*n + 3 = 236*n. What is the remainder when 5 is divided by n?
2
Suppose b = -p + 7 - 1, -33 = -4*b - p. Suppose 15*y = 8*y - 7. What is the remainder when 218/12 + y - (-1)/(-6) is divided by b?
8
What is the remainder when 318 is divided by 371/35 + 2/5?
10
Let h be (-4)/(-18)*-3*15. Let k = h + 12. Suppose k*i = 11 + 9. What is the remainder when 29 is divided by i?
9
Let z = -22 + 85. Let s(p) = p**2 - 11*p + 18. Calculate the remainder when z is divided by s(11).
9
What is the remainder when (10/(-25))/((-18)/16200) is divided by 33?
30
Let y(a) = a**3 - 15*a**2 + 14*a - 5. Let u be y(14). What is the remainder when (-4)/(u - -1)*13 is divided by 5?
3
Let i(m) = -m**3 - 27*m**2 - 29*m - 60. Calculate the remainder when 64 is divided by i(-26).
10
Let s = -89 + 165. What is the remainder when s is divided by (2277/414)/((-3)/(-2) + -1)?
10
Let y be 7 + -10 + (-3)/(-1). Suppose -4*u = -y*u - 44. Let t(b) = 9*b + 2. What is the remainder when t(2) is divided by u?
9
Suppose 0 = 4*f - 3*u - 213, -10*u - 168 = -3*f - 5*u. What is the remainder when f is divided by 26?
25
Let d(m) = 3*m**2 + 11*m - 8. Calculate the remainder when 164 is divided by d(-6).
28
Let t(m) = 2*m**2 + 7*m - 4. Suppose 17 + 1 = -3*z. Let v be t(z). Calculate the remainder when 923/v*(-1 + 3) is divided by 24.
23
Let q(l) = -l**3 + 8*l**2 - 12*l - 4. Suppose -5*r + v = -21, v - 5 + 10 = r. What is the remainder when 23 is divided by q(r)?
11
Let s = 2063 + -1202. Suppose 3*k + 4*n - 156 - 349 = 0, -5*k + 3*n = -s. What is the remainder when k is divided by 44?
39
Let a(g) = g**3 + 19*g**2 - 25*g - 87. Calculate the remainder when 607 is divided by a(-20).
9
Suppose 3*s - 5*g = 23, 4*g = -s - 4*s + 26. Let q be s/57 - 110/(-38). What is the remainder when (4 - q) + (-120)/(-4) is divided by 17?
14
Let o(l) = 6*l + 8. Let t be o(2). Suppose 3*f - 33 = -f - 5*u, -3*f + u + t = 0. What is the remainder when 16 is divided by f?
2
Let p be 1 + (-1 - -3 - 1). Calculate the remainder when 73 is divided by ((-38)/4)/(p/(-4)).
16
Suppose 4*s + 40 = -4*x, s - 6 - 4 = -5*x. Let z = s - -23. Suppose -11*n = -9*n - z. What is the remainder when 18 is divided by n?
2
Suppose 111 = 5*g - 10*b + 7*b, 4*g - 5*b - 81 = 0. What is the remainder when (-796)/(-12) - 2/6 is divided by g?
18
Let l = 86 - 73. Suppose 3*y - 2*s - 73 = 0, 7*y - 4*y - 5*s = 79. Suppose -4*w + y + 69 = 0. What is the remainder when w is divided by l?
10
Let n = -19 + 23. Suppose 2*w + 3*b = -25, 3*b = w - 5 + n. Let g = 4 - w. What is the remainder when 46 is divided by g?
10
Let c = -41 + 31. Let z be -1 + (c*1)/5. What is the remainder when 29 is divided by (-76)/(-8) + z/(-6)?
9
What is the remainder when (2 - 0)/((-228)/58 - -4) is divided by 2*-4*(1 - 2)?
5
Let q = -96 + 104. What is the remainder when (-2 - -25) + (-2 - -1) is divided by q?
6
Suppose f + 3*o = -141, 3*f + f + 494 = 2*o. Let i = f - -185. Calculate the remainder when i is divided by 12.
11
Let d(l) = -2*l**2 + 92*l - 72. Calculate the remainder when 20 is divided by d(45).
2
Suppose -3*t - 2*t = 0. Let m(p) = p**2 + p + 21. Calculate the remainder when 60 is divided by m(t).
18
Suppose s + 143 = -5*q, 8*q = 3*q - 5. Let r = -15 - s. Suppose 2*j + 16 = 3*t - r, 2*j = 2. What is the remainder when t is divided by 13?
8
Let o = -384 - -642. What is the remainder when o is divided by 53?
46
Let q = -7 + 0. Let o(v) = -v**2 - v - 3. Let c be o(q). What is the remainder when (2*c/(-3))/2 is divided by 8?
7
Suppose -r - 8*v + 12*v + 20 = 0, 4*v = 2*r - 40. Calculate the remainder when 54 is divided by r.
14
What is the remainder when 52*(-1 - (-78)/12) is divided by 24?
22
Let v(w) = -12*w - 1. Let c = 4 + 4. What is the remainder when v(-5) is divided by 4/(-16) + 122/c?
14
Let v be (9/(-3))/1*-1. Suppose -v*g + 66 = -3*z, -3*g - g - 5*z = -61. Let r = -56 - -110. What is the remainder when r is divided by g?
16
Let n = -861 - -1349. What is the remainder when n is divided by 19?
13
Let q = 154 + -93. Calculate the remainder when 300 is divided by q.
56
Suppose -4*f - 16 = t, -5*f + 3 = -3*t - 2*f. Let n = t + 37. Calculate the remainder when n is divided by 13.
7
What is the remainder when (-2)/(-6) + -4 + (-665)/(-21) is divided by 10?
8
Suppose 7*t - 60 = 3*t. Let v(l) = 5*l - 1. Suppose 9*r - 12 = 3*r. Calculate the remainder when t is divided by v(r).
6
Let y = -134 + 161. Calculate the remainder when 103 is divided by y.
22
Suppose 2*t + 2*t - 88 = 0. What is the remainder when t is divided by (0 + -1)/(126/(-630))?
2
Suppose 0 = 21*x - 0*x - 903. What is the remainder when 81 is divided by x?
38
Suppose -16*f = -f - 1200. Calculate the remainder when f is divided by 27.
26
Let p = -12 - 33. Let c be 10/p + 112/18. Let l(o) = -o**2 + 9*o - 9. What is the remainder when l(c) is divided by 5?
4
Suppose -9*k = -22*k + 3068. Calculate the remainder when k is divided by 16.
12
Suppose 0 = 30*u + 64*u - 178600. Calculate the remainder when u is divided by 14.
10
Let b be (3 + -4)/(1/112). Let k = -72 - b. Let x = 24 + -10. What is the remainder when k is divided by x?
12
Let c(o) = o**3 + 7*o**2 - 11*o + 2. What is the remainder when 144 is divided by c(-8)?
14
Suppose -2*h + 5*h - 66 = 0. Suppose -2*d + 3*d = 10. Suppose -d = 2*j, 9*b - 4*b = -4*j + 300. Calculate the remainder when b is divided by h.
20
Suppose -5*f - 73 = -23. Calculate the remainder when (-4)/f - 1158/(-30) is divided by 9.
3
Calculate the remainder when 279 is divided by 6 + (39/3 - -1).
19
Let y be 1 + 37/1 - 3. Suppose -25 = -3*d + y. Calculate the remainder when d is divided by 6.
2
Suppose -809 = -12*v - 17. What is the remainder when v is divided by 11?
0
Let a(s) = s**3 + s**2 - s + 9. Let h be a(0). Let c = h + -16. What is the remainder when 41 is divided by (c/(-1))/(5/15)?
20
Calculate the remainder when 305 is divided by (-328)/(-18) + -2*1/9.
17
Let l be 207/6 + 1/(-2). Let g = -9 + l. Calculate the remainder when g is divided by (-176)/22 - 3*-5